rue
Is ((-11)/(-44))/((-3)/(-2136)) composite?
True
Suppose -2*h + 3*h + p = 203, 4*p + 183 = h. Is h composite?
False
Suppose -7935 = -3*u - 2*u. Suppose -13*l = -10*l - u. Is l a composite number?
True
Let f = 1053 + -320. Is f prime?
True
Let u be 7/14 - 5/(-2). Is 6/(-18) - (-10)/u a composite number?
False
Let a(y) = -13*y**2 - 2*y + 1. Let p be a(1). Let s = -12 + 39. Let q = p + s. Is q a prime number?
True
Let t(y) = 21*y**2 - 10*y - 5. Is t(4) a composite number?
True
Let h = 9 - 20. Let c = 2 - h. Suppose g - c - 11 = -3*l, 0 = -4*l + 12. Is g a prime number?
False
Suppose 5*o - o = 576. Let x be (2/4)/(1/o). Let z = x + -49. Is z composite?
False
Let m(k) = -467*k - 2. Is m(-3) a prime number?
True
Let q(v) = -v**3 - 2*v**2 + 38*v + 8. Is q(-11) a prime number?
False
Let s = -12 + 26. Suppose -s = 3*p - 188. Is p composite?
True
Let i(v) be the second derivative of v**3/6 + 19*v**2/2 + v. Is i(0) prime?
True
Let u(z) = -z**3 + 10*z**2 + 10*z + 20. Is u(9) prime?
True
Suppose 2*p - 710 = -y - 3*y, 2*p - 692 = 2*y. Suppose 2*t = 5*a - t - p, 3*a - 4*t - 205 = 0. Is a a composite number?
False
Let i = -5 + 16. Is i prime?
True
Let s = 39 - 76. Let i = -6 - s. Is i prime?
True
Let n = 1220 - 703. Is n composite?
True
Let b(x) = -622*x - 1. Let h be b(-3). Suppose s + h = 5*f, 2*s + 93 = 5*f - 1772. Is f a composite number?
False
Let u(q) = 2*q**2 - 3 + 15*q + 5*q**2 - 11*q. Let f be u(2). Is 2 + -2 + 2 + f a prime number?
False
Let i = -17 + 31. Is i a prime number?
False
Let j = 0 - 0. Suppose -155 = -3*z + k - 5*k, j = 3*z - 4*k - 139. Is z a prime number?
False
Let j be (-1)/5 - 2236/20. Is (29/(-4))/(4/j) prime?
False
Let n be 531*((-8)/(-3))/4. Suppose 0 = 5*h + 3*r - 590, 3*h - 3*r - n = -2*r. Is h a prime number?
False
Let v(u) = -u + 7. Let n be v(7). Suppose 0*z - 5*z + 75 = n. Is (-4)/10 + 3081/z prime?
False
Suppose 4*q + 488 = -4*o, 5*o + 4*q = 3*q - 598. Let n = o - -330. Is n a composite number?
False
Suppose s - 11 = 3*m + 5*s, 5*m - s = 20. Suppose 0 = 2*w + m*w - 25. Suppose 0*l + 4*l = -x + 15, 4*l - 27 = -w*x. Is l a composite number?
False
Suppose 5*x - k + 2 = -0*k, 4*k = 5*x + 8. Suppose x = z, z - 142 = 2*v - 4*v. Is v prime?
True
Is 14466/(-12)*(-1 - 1) a prime number?
True
Suppose -2*g - 3*g = -3*w - 1172, 3*g - 701 = 4*w. Is g prime?
False
Let f = 1 + 2. Suppose -f*n = i + 3 - 150, -4*n + 3*i = -196. Is n a composite number?
True
Suppose 2*n + 0*s - 90 = -2*s, -4*n + 4*s + 196 = 0. Let b be (-1)/((-1)/n) - 2. Suppose -69 = -3*a + 4*t, a = 4*a + 4*t - b. Is a composite?
False
Let m(y) = -y**2 + 4*y + 4. Let g be m(4). Suppose -g*h = -5*p - 276, 69 = h + 3*p + 2*p. Is h a prime number?
False
Let v(d) = -d**2 - d + 2. Let t be v(-3). Is 11/(t/(-156)*3) composite?
True
Let x(i) = 62*i**2 - 3*i - 22. Is x(-5) composite?
False
Suppose -2*i + 3*i + 6 = 0. Let t be i/30 - 642/(-10). Let l = 13 + t. Is l a prime number?
False
Let v(y) = -y**3 - 4*y**2 + y - 1. Let i be v(-4). Let s(t) = t**3 + 4*t**2 + 7*t. Let w be s(i). Let j = -23 - w. Is j composite?
False
Let y(u) = 233*u - 2. Let g be y(2). Suppose 0 = -3*i + 4*i + 2*b + 100, 0 = -5*i + 2*b - g. Let z = -59 - i. Is z a prime number?
False
Is (-1640 + 12/4)/(-1) a prime number?
True
Let y = -308 - -457. Is y composite?
False
Suppose -3*a - 11 = -3*j - 5, -2*a = 3*j - 11. Suppose j*n = g - 284, -7*g + 3*g = -5*n - 1129. Let f = g + -192. Is f a prime number?
True
Let d(g) = -g - 9. Let t be d(-8). Is (t - 4/(-3))*879 a prime number?
True
Suppose 429 = -5*u + 14. Suppose 4*b - 5*w + 115 = -0*b, -3*b = 5*w + 95. Let i = b - u. Is i a prime number?
True
Suppose -2*r = -7*r. Suppose 2*s + 5*b - 11 = 0, 2*s + 5*b + 28 = 3*s. Suppose r*g - s = -g. Is g a composite number?
False
Suppose q = -2*q + 5*z + 772, -5*z = 3*q - 752. Is q a composite number?
True
Suppose -3*l + 4*h = -1608 - 821, -3*l = h - 2449. Is l prime?
False
Let j be -1 - -310 - (-9 - -7). Let h = -106 + j. Suppose -h = -2*b - 11. Is b prime?
True
Let c = 415 - -46. Let y = -268 + -44. Let o = c + y. Is o composite?
False
Suppose 0 = -5*r + s + 13704, -2*r + s + 5483 = 2*s. Is r composite?
False
Let o(c) = c**2 - c - 5. Suppose -5 = -4*y + 43. Is o(y) prime?
True
Let v be (-18)/15*10/(-3). Let h(n) = -4 + 3*n**2 - 3*n**2 - 2*n + n**2 + 7. Is h(v) composite?
False
Let y(p) be the second derivative of p**5/20 - p**4/6 - 5*p**3/6 - p**2/2 + p. Is y(5) a composite number?
True
Let b be ((-6)/(-4) - -1)*-2. Let c(i) = -i**3 - 4*i**2 - 8*i - 7. Is c(b) prime?
False
Suppose 0 = -0*n + 2*n - 22. Is n a prime number?
True
Let s(l) = 2*l**2 + 2*l. Let y be s(-2). Is 1090/y*(1 - -1) prime?
False
Let t = -100 + 306. Is t a composite number?
True
Let o(u) = 338*u**3 - 2*u**2 - u + 2. Is o(1) a prime number?
True
Let s(c) be the third derivative of c**6/120 - c**5/20 + c**4/6 + c**3/6 - 2*c**2. Suppose -2*i + 3 = -3. Is s(i) a composite number?
False
Let u(p) = 8*p**2 - p - 4. Is u(7) composite?
True
Suppose -4*s - 3*x = -1773, -s - 2*s - 2*x = -1330. Suppose -r = 3*r - s. Is r a composite number?
True
Let p(v) be the third derivative of v**5/20 + v**4/8 - v**3/2 + v**2. Is p(2) a prime number?
False
Suppose -2*r = 2*q - 780, -115 - 273 = -r + q. Is r prime?
True
Suppose -3*x - 5 = -17. Suppose j + 6*a - 542 = a, -2088 = -4*j - x*a. Is j composite?
True
Let g(f) = -f**2 - 10*f - 1. Let h(o) = -o**2 - 10*o - 1. Let m(t) = 6*g(t) - 5*h(t). Let d be m(-9). Let u(s) = s**2 + 9*s - 5. Is u(d) prime?
True
Let q(l) = -4*l + 8. Let s(x) = 7*x - 16. Let t(j) = -5*q(j) - 3*s(j). Let f be t(6). Suppose -f = -h + 1. Is h prime?
True
Is 12785/15 + 4/6 prime?
True
Let a(h) = 2*h - 2. Let j be a(5). Is 946/j + (-3)/12 a composite number?
True
Let b(x) = 40*x**2 - x + 27. Is b(8) prime?
True
Let h be 7/((-14)/24) - -3. Is 6/h*(-114)/4 a composite number?
False
Let m(t) = 8*t**2 + 4*t - 6. Let c be m(-4). Let x = 21 + c. Is x prime?
True
Let p(k) = k - 2. Let f be p(5). Suppose f*j + 174 = 4*j. Suppose -3*i + 13 = 1, -2*w - 5*i + j = 0. Is w a composite number?
True
Let r(c) = 8*c**3 - 2*c**2 - 2*c + 2. Suppose 10 = -3*a + b, -a + 9 - 3 = 2*b. Let n be r(a). Let q = -47 - n. Is q a composite number?
False
Let h(q) = 48*q + 1. Is h(3) a composite number?
True
Suppose -66 = 3*o - 6*o. Is o a composite number?
True
Is 1*1594*(-5)/(-10) a composite number?
False
Is -8*11*2/(-8) composite?
True
Is (4/24*2)/((-3)/(-23481)) composite?
False
Is (2766 - (-1)/1)*(-3 - -4) a composite number?
False
Suppose 0*m - 5*m = 0. Suppose 5*c + 91 - 251 = m. Suppose -v + 2*y + 157 = 4*v, 0 = -v + y + c. Is v composite?
False
Let c be 17/(-2) - (-2)/(-4). Is (1506/(-9))/(6/c) prime?
True
Let m(y) be the third derivative of y**5/12 + y**4/12 - 2*y**3/3 + 2*y**2. Let h = -1 + -2. Is m(h) a prime number?
False
Suppose 0 = 21*z - 23*z + 1474. Is z a prime number?
False
Suppose -4*u + 2*p = 119 - 4333, -3*p + 9 = 0. Is u composite?
True
Let c(n) = -8*n - 2. Let x(h) = -8*h - 1. Let k(v) = -2*c(v) + 3*x(v). Let t be k(-1). Suppose t = -w + 35. Is w composite?
True
Let d = -4 - -2. Let k = d + 33. Is k composite?
False
Let m = 1242 + -795. Is m a prime number?
False
Suppose 0*y + 6*y - 942 = 0. Is y prime?
True
Let n(b) = -b + 1. Let s be n(-6). Is s/(-2)*(-35 + 9) composite?
True
Let u(f) = -f - 6. Let p be u(-9). Suppose -1 = p*g - 13. Suppose g*s - t - 97 = 0, -5*s - t + 128 = -0*t. Is s a prime number?
False
Let d be (-1 - -2) + 4/(-4). Suppose -4*g + d + 8 = 0. Suppose 3*c = g*r - 142, 208 = -5*r - 4*c + 609. Is r a prime number?
False
Let f(u) = -u**3 + 7*u**2 - 4*u - 5. Let p be f(6). Let o = p + -5. Let l(x) = 6*x**2 + x - 1. Is l(o) prime?
False
Suppose -2*n + 35 = -41. Let v = n - -61. Is -1*(0 - (-2 + v)) prime?
True
Suppose 4*a - 2503 = 5*w, -a - a + w + 1259 = 0. Suppose -c = -5*c + a. Suppose c = 2*s - s. Is s a composite number?
True
Suppose 4*o - 9*o + 635 = 0. Is o prime?
True
Let v(u) = u + 1 - 2 + 9*u. Is v(2) a composite number?
False
Suppose -z + 5*l + 799 = l, 5*l - 2397 = -3*z. Is z composite?
True
Is 4/2*-2 + 1469 prime?
False
Let o = 186 + 37. Is o a composite number?
False
Let m(p) = -3*p**3 - p. Let i be m(1). Let z be ((-2)/i)/((-3)/(-522)). Let h = z + -4. Is h a prime number?
True
Suppose 493 = 2*f + 135. Suppose -2*t + 2*h = -66, -